 10*k + 4. Let w be t(-2). What is the greatest common factor of w and 168?
84
Let d = 32 - -233. Suppose d - 435 = -5*u. Calculate the greatest common divisor of 2 and u.
2
Let z(j) = -j**2 + 14*j + 16. Let f be z(12). Suppose o + f = 42. Let y be 2/2*(o - -5). What is the greatest common factor of 28 and y?
7
Suppose -4*m + 13841 = 593. What is the greatest common divisor of m and 1035?
207
Let j = -99 - -89. Let t be j/25 - 2308/(-20). Calculate the greatest common divisor of 69 and t.
23
Let m(w) = w**3 + 5*w**2 + 6*w - 3. Let i be m(-3). Let z = i - -54. Calculate the highest common divisor of z and 68.
17
Suppose 9*x = -10*x + 4275. Calculate the greatest common factor of 360 and x.
45
Suppose 17 + 83 = 2*t - 2*u, 110 = 2*t - 4*u. Calculate the greatest common divisor of 477 and t.
9
Suppose -36 = 11*m - 12*m. Suppose -6*q = 3*q - m. Suppose q*r - 535 = -5*v + 557, 5*v - 1074 = 2*r. Calculate the highest common divisor of 24 and v.
24
Let m = 1106 + -695. Suppose m*d = 405*d + 378. Calculate the greatest common divisor of d and 7.
7
Let o = 6755 - 6687. Calculate the highest common factor of o and 4012.
68
Let m = 7790 + -7462. What is the greatest common divisor of 3198 and m?
82
Let q(d) = 2*d**2 + 25*d + 985. Let h be q(-44). What is the highest common factor of 39 and h?
13
Let q(n) = 2*n**2 + 2*n - 5. Let m be q(2). Let b = 127 - 121. What is the greatest common factor of b and m?
1
Suppose 0 = 3*c - 37 - 107. Let k be (-6)/10 + ((-1518)/(-55) - 9). Calculate the greatest common factor of k and c.
6
Suppose -3*b + h + 32 - 107 = 0, -h - 21 = b. Let o be 11*((-5)/(20/b))/11. What is the highest common divisor of 294 and o?
6
Let p be (0 + (-28)/6)/(8/(-12)). Let a(h) = -h**3 - h**2 + 14*h - 5. Let t be a(-6). Calculate the greatest common divisor of p and t.
7
Suppose -c = -2*x + 110, -4*x + 3*c + 181 = -35. Let f = x - -95. What is the greatest common divisor of f and 19?
19
Suppose -2*c - o + 4 = 0, -8*c = -13*c - o + 13. Suppose -6*v = c*v - 54. What is the greatest common divisor of v and 94?
2
Suppose 0 = -11*a - 1686 - 1141. Let z = -217 - a. What is the greatest common divisor of z and 16?
8
Suppose 0 = 53*i - 43*i - 300. Suppose -5*u = -70 + i. Calculate the greatest common divisor of u and 184.
8
Let w be (-24)/(-108) - 2/9. Suppose w = 7*i - 66 - 4. Suppose 0 = -3*c, 5*p + c = -c + i. Calculate the highest common divisor of 2 and p.
2
Let h be (-40)/(-3)*(-2574)/(-88). What is the greatest common factor of h and 12?
6
Let a(q) = 25*q - 710. Let h be a(29). Calculate the greatest common factor of h and 2865.
15
Let x = -2628 - -2723. Let c = -16 + 54. What is the highest common factor of x and c?
19
Let z(f) = 29*f**2 + 226*f + 1731. Let l be z(-8). Calculate the greatest common divisor of l and 6.
3
Let f be (-2 + -34)*(-17)/51. Let h be 9 - 2/(8/f) - 1. Suppose 3*n + 201 = 2*x, -7*x + 515 = -2*x - h*n. Calculate the greatest common divisor of 27 and x.
27
Let j = 27 - 27. Let n be j/(7/((-21)/6)). Suppose n = -b + 4*z + 21, -b + 3*z = -2*b. Calculate the greatest common factor of b and 9.
9
Let g be (-619551)/(-69)*-21*2/(-18). Calculate the highest common factor of g and 73.
73
Suppose 140*k = 144*k + 16. Let g be 176/33 - 0 - k/6. Calculate the greatest common factor of 690 and g.
6
Suppose -2*n + 2*i - 6 = 0, 8*n - 5*n + 4*i - 26 = 0. Suppose 7*p = -n*p + 2268. What is the greatest common divisor of p and 28?
28
Suppose 22 - 30 = -g, -g = 2*y - 6402. What is the highest common factor of y and 1390?
139
Let s(h) = -17*h**2 - 621*h + 46. Let t be s(-36). What is the greatest common factor of 335 and t?
5
Suppose 4 = 2*l - 24. Let k(u) = u**3 - 14*u**2 + 2*u - 21. Let s be k(l). Let z be 254/s - 2/7. Calculate the highest common divisor of 36 and z.
36
Suppose -4*k + 10*k - 48 = 0. Suppose -k*x = -4*x - 48. Suppose -4 + x = 4*f. Calculate the highest common factor of 4 and f.
2
Suppose -64 = 11*l - 20. Let s be 1/(5/16) + l/20. What is the greatest common divisor of s and 15?
3
Let g(l) = 2*l + 128. Let a be g(5). What is the highest common divisor of a and 6026?
46
Let z(o) = o**3 + 2*o**2 + 8*o + 22. Let w be z(5). Calculate the greatest common divisor of w and 8.
1
Let d be -2 - -2 - (-1 - 11). Suppose -47 = -d*n + 1. Suppose 2*i + 7 = 4*f - i, 5*i + 5 = 5*f. What is the highest common divisor of f and n?
4
Let k = 112421 + -112389. Let a = 6 + -4. Let z be 98/6 + a/(-6). What is the greatest common divisor of k and z?
16
Let r(c) be the second derivative of c**4/3 - 9*c**3/2 - 2*c**2 - 54*c. Let s be r(9). Calculate the highest common divisor of s and 121.
11
Suppose 112 = -7*l + 8*l + 4*d, -d = 4*l - 508. Suppose 67*i + 16 = -4*w + 71*i, 3*i = 5*w + 10. Calculate the greatest common factor of w and l.
1
Suppose -m - 4*r + 32 = 0, -4*m + 8*m = -3*r + 141. Let y = -956 - -1460. Calculate the highest common factor of m and y.
36
Let f = -651 + 655. What is the greatest common divisor of 3 and f?
1
Let z = 273 - 185. Suppose -346*o - 880 = -356*o. What is the greatest common factor of z and o?
88
Let i = 213 + -403. Let b = i + 268. What is the greatest common divisor of 26 and b?
26
Let g = 55 - 64. Let o(z) = z**2 + 7*z - 6. Let k be o(g). Let q(u) = u**2 + 14*u + 19. Let x be q(-13). What is the highest common divisor of k and x?
6
Let c = 3 + 1. Suppose 3*j + 16 = 2*q, 5*q - 66 = 7160*j - 7159*j. What is the highest common factor of j and c?
4
Suppose -1136 - 2776 = -6*f. Let k = -490 + f. Calculate the greatest common divisor of 432 and k.
54
Suppose -162*n + 158*n = -3164. Suppose -j - n + 818 = 0. Calculate the greatest common divisor of j and 15.
3
Suppose -3*v = -5*j - 615, -453*v + 1057 = -448*v - 3*j. What is the highest common factor of v and 33755?
215
Suppose 612*g - 215 = 607*g. Calculate the highest common divisor of g and 989.
43
Let c be ((-681)/(-2270))/((-2)/10)*(-96)/9. Let l be ((-58)/3)/(3/(-36)). What is the highest common divisor of l and c?
8
Let d = 18428 + -18423. Calculate the highest common divisor of 16 and d.
1
Let n = 3500 - 2499. What is the highest common factor of n and 154?
77
Let l be (-78)/(-52)*(-8)/(-6). Suppose 0 = l*t - 8*t + 84. Let m = 21 - -133. What is the highest common factor of t and m?
14
Suppose 38*a - 396 - 1276 = 0. Calculate the greatest common factor of a and 15884.
44
Suppose -2*b = 2*a - 174, 0 = 5*b + 4*a + 3914 - 4349. Suppose 3*x - 2*x - 4*y - 49 = 0, 4*x - 106 = -2*y. Calculate the greatest common factor of x and b.
29
Let m(j) = -j**3 + 80*j**2 + 75*j + 1490. Let l be m(81). What is the highest common divisor of 4 and l?
4
Suppose -3*l = l - 520. Let g be (-2356)/(-133) - 4/(-14). Let d be 692/28 + 1 + g/63. Calculate the greatest common factor of d and l.
26
Let y be 1892324/147 + (-18)/(-378). Calculate the highest common divisor of 21 and y.
21
Let z(n) = -89*n**3 - 3*n**2 + 47*n + 172. Let f be z(-4). What is the highest common divisor of 44 and f?
44
Let c(o) = o**2 + 28*o + 99. Let m be c(-4). Suppose 0 = -i - 5*z + 75 + 24, z + 313 = m*i. Calculate the greatest common factor of 364 and i.
52
Suppose -3*j + j + 140 = 0. Suppose -3*q - 133*q = -274*q + 34776. What is the greatest common factor of q and j?
14
Suppose c + h - 8 = 0, -5*h + 33 = -2*c + 6*c. Suppose -c*z + 6*z - 15 = 0. Let g be -21*((-36)/10)/(z/(-50)). Calculate the highest common divisor of 28 and g.
28
Let p(y) = 13*y**3 - 6*y**2 - 13*y + 18. Let l be p(5). Suppose x - l = -20*x. What is the greatest common factor of 17 and x?
17
Let b = -7359 + 7589. Suppose 3*j + 5*p = 37 + 24, 0 = 4*j - 3*p - 91. Suppose -j = -3*o + 8. Calculate the greatest common divisor of b and o.
10
Let l be (-18)/(-12)*(-2 - 2 - -88). What is the highest common factor of 117 and l?
9
Let c = -5371 + 5432. Calculate the greatest common factor of 183 and c.
61
Let h be (-576)/(-12) + (-96)/8. What is the greatest common factor of 452 and h?
4
Suppose -5*t + g = -44, -3*g + 5 = 4*t - 34. Suppose -8*s - 215 = -t*s. Suppose 4*o - s = -o. Calculate the highest common divisor of o and 215.
43
Let r = -1230 + 1239. Let n be 38/10 - (-3)/15. Suppose -2*d - n = -5*q, 3*d - 4*q + 2*q - 5 = 0. Calculate the greatest common factor of r and d.
3
Suppose 2*d + 2*v - 814 = 184, -5*d = 3*v - 2491. Calculate the highest commo